{"id":525,"date":"2019-04-05T08:59:53","date_gmt":"2019-04-05T08:59:53","guid":{"rendered":"http:\/\/itsjorna.nl\/?page_id=23"},"modified":"2019-04-05T08:59:53","modified_gmt":"2019-04-05T08:59:53","slug":"visualisierung","status":"publish","type":"page","link":"https:\/\/itsjorna.nl\/?page_id=525&lang=de","title":{"rendered":"Visualisierung"},"content":{"rendered":"\n<p>Die Visualisierung von Prozessen gibt ein klares Bild vom Prozesszustand. So kann beispielsweise grafisch der Wartungsstatus von Maschinenteilen dargestellt werden. Das macht es f\u00fcr die Stakeholder leicht zu erkennen, wann Wartungsarbeiten durchgef\u00fchrt werden m\u00fcssen und Menschen und Materialien vorwegzunehmen. Es ist auch m\u00f6glich, den Prozess an mehreren Standorten im Werk zu \u00fcberwachen und Anpassungen auf vorgegebener Zugriffsebene vorzunehmen.<\/p>\n\n\n\n<figure class=\"wp-block-image\"><img loading=\"lazy\" decoding=\"async\" width=\"1024\" height=\"323\" src=\"http:\/\/itsjorna.nl\/wp-content\/uploads\/2019\/04\/Meting-drukken-1024x323.png\" alt=\"\" class=\"wp-image-396\" srcset=\"https:\/\/itsjorna.nl\/wp-content\/uploads\/2019\/04\/Meting-drukken-1024x323.png 1024w, https:\/\/itsjorna.nl\/wp-content\/uploads\/2019\/04\/Meting-drukken-300x95.png 300w, https:\/\/itsjorna.nl\/wp-content\/uploads\/2019\/04\/Meting-drukken-768x242.png 768w, https:\/\/itsjorna.nl\/wp-content\/uploads\/2019\/04\/Meting-drukken.png 1408w\" sizes=\"auto, (max-width: 1024px) 100vw, 1024px\" \/><figcaption>Visualisierung von Druck und Position im Prozessverlauf<\/figcaption><\/figure>\n\n\n\n<figure class=\"wp-block-image\"><img loading=\"lazy\" decoding=\"async\" width=\"1024\" height=\"539\" src=\"http:\/\/itsjorna.nl\/wp-content\/uploads\/2019\/04\/bediening-via-WinCC-4000-1-1-1024x539.png\" alt=\"\" class=\"wp-image-398\" srcset=\"https:\/\/itsjorna.nl\/wp-content\/uploads\/2019\/04\/bediening-via-WinCC-4000-1-1-1024x539.png 1024w, https:\/\/itsjorna.nl\/wp-content\/uploads\/2019\/04\/bediening-via-WinCC-4000-1-1-300x158.png 300w, https:\/\/itsjorna.nl\/wp-content\/uploads\/2019\/04\/bediening-via-WinCC-4000-1-1-768x404.png 768w, https:\/\/itsjorna.nl\/wp-content\/uploads\/2019\/04\/bediening-via-WinCC-4000-1-1.png 1842w\" sizes=\"auto, (max-width: 1024px) 100vw, 1024px\" \/><figcaption>Visualisierung von Maschinenparametern<\/figcaption><\/figure>\n\n\n\n<figure class=\"wp-block-image\"><img loading=\"lazy\" decoding=\"async\" width=\"1024\" height=\"535\" src=\"http:\/\/itsjorna.nl\/wp-content\/uploads\/2019\/04\/Log-WinCC-1024x535.png\" alt=\"\" class=\"wp-image-395\" srcset=\"https:\/\/itsjorna.nl\/wp-content\/uploads\/2019\/04\/Log-WinCC-1024x535.png 1024w, https:\/\/itsjorna.nl\/wp-content\/uploads\/2019\/04\/Log-WinCC-300x157.png 300w, https:\/\/itsjorna.nl\/wp-content\/uploads\/2019\/04\/Log-WinCC-768x401.png 768w, https:\/\/itsjorna.nl\/wp-content\/uploads\/2019\/04\/Log-WinCC.png 1872w\" sizes=\"auto, (max-width: 1024px) 100vw, 1024px\" \/><figcaption>Visualisierung des Wartungsstatus mehrerer Produktionsmaschinen<\/figcaption><\/figure>\n","protected":false},"excerpt":{"rendered":"<p>Die Visualisierung von Prozessen gibt ein klares Bild vom Prozesszustand. So kann beispielsweise grafisch der Wartungsstatus von Maschinenteilen dargestellt werden. Das macht es f\u00fcr die&hellip;<\/p>\n","protected":false},"author":1,"featured_media":0,"parent":0,"menu_order":0,"comment_status":"closed","ping_status":"closed","template":"","meta":{"footnotes":""},"class_list":["post-525","page","type-page","status-publish","hentry"],"_links":{"self":[{"href":"https:\/\/itsjorna.nl\/index.php?rest_route=\/wp\/v2\/pages\/525","targetHints":{"allow":["GET"]}}],"collection":[{"href":"https:\/\/itsjorna.nl\/index.php?rest_route=\/wp\/v2\/pages"}],"about":[{"href":"https:\/\/itsjorna.nl\/index.php?rest_route=\/wp\/v2\/types\/page"}],"author":[{"embeddable":true,"href":"https:\/\/itsjorna.nl\/index.php?rest_route=\/wp\/v2\/users\/1"}],"replies":[{"embeddable":true,"href":"https:\/\/itsjorna.nl\/index.php?rest_route=%2Fwp%2Fv2%2Fcomments&post=525"}],"version-history":[{"count":0,"href":"https:\/\/itsjorna.nl\/index.php?rest_route=\/wp\/v2\/pages\/525\/revisions"}],"wp:attachment":[{"href":"https:\/\/itsjorna.nl\/index.php?rest_route=%2Fwp%2Fv2%2Fmedia&parent=525"}],"curies":[{"name":"wp","href":"https:\/\/api.w.org\/{rel}","templated":true}]}}