{"id":470,"date":"2019-04-12T14:31:52","date_gmt":"2019-04-12T14:31:52","guid":{"rendered":"http:\/\/itsjorna.nl\/?page_id=279"},"modified":"2019-04-12T14:31:52","modified_gmt":"2019-04-12T14:31:52","slug":"maschinenverbesserung","status":"publish","type":"page","link":"https:\/\/itsjorna.nl\/?page_id=470&lang=de","title":{"rendered":"Maschinenverbesserung"},"content":{"rendered":"\n<p>Sie wollen eine Maschine f\u00fcr mehr oder andere Produkte geeignet machen, das Sicherheitsniveau erh\u00f6hen, die Produktivit\u00e4t steigern? Es ist alles m\u00f6glich, Sie haben eine Idee und ich arbeite das f\u00fcr Sie aus. Ich habe ein umfangreiches Netzwerk an technischen Spezialisten, so dass ich mich um Sie k\u00fcmmern kann. Der wirtschaftliche Vorteil dieser Arbeitsweise ist, dass man teure Agenturen nicht mit viel Aufwand anstellt, sondern nur f\u00fcr die Spezialisten bezahlt, die man braucht.<\/p>\n\n\n\n<ul class=\"wp-block-list\"><li><a href=\"http:\/\/itsjorna.nl\/?page_id=13\">Maschinensicherheit und CE-Kennzeichnung<\/a><\/li><li><a href=\"http:\/\/itsjorna.nl\/?page_id=259\">OEE-Verbesserung<\/a><\/li><li><a href=\"http:\/\/itsjorna.nl\/?page_id=256\">Maschineneinstellungen<\/a><\/li><li><a href=\"http:\/\/itsjorna.nl\/?page_id=282\">Maschinen\u00fcberholung<\/a><\/li><\/ul>\n\n\n\n<p><\/p>\n","protected":false},"excerpt":{"rendered":"<p>Sie wollen eine Maschine f\u00fcr mehr oder andere Produkte geeignet machen, das Sicherheitsniveau erh\u00f6hen, die Produktivit\u00e4t steigern? Es ist alles m\u00f6glich, Sie haben eine Idee&hellip;<\/p>\n","protected":false},"author":1,"featured_media":0,"parent":0,"menu_order":0,"comment_status":"closed","ping_status":"closed","template":"","meta":{"footnotes":""},"class_list":["post-470","page","type-page","status-publish","hentry"],"_links":{"self":[{"href":"https:\/\/itsjorna.nl\/index.php?rest_route=\/wp\/v2\/pages\/470","targetHints":{"allow":["GET"]}}],"collection":[{"href":"https:\/\/itsjorna.nl\/index.php?rest_route=\/wp\/v2\/pages"}],"about":[{"href":"https:\/\/itsjorna.nl\/index.php?rest_route=\/wp\/v2\/types\/page"}],"author":[{"embeddable":true,"href":"https:\/\/itsjorna.nl\/index.php?rest_route=\/wp\/v2\/users\/1"}],"replies":[{"embeddable":true,"href":"https:\/\/itsjorna.nl\/index.php?rest_route=%2Fwp%2Fv2%2Fcomments&post=470"}],"version-history":[{"count":0,"href":"https:\/\/itsjorna.nl\/index.php?rest_route=\/wp\/v2\/pages\/470\/revisions"}],"wp:attachment":[{"href":"https:\/\/itsjorna.nl\/index.php?rest_route=%2Fwp%2Fv2%2Fmedia&parent=470"}],"curies":[{"name":"wp","href":"https:\/\/api.w.org\/{rel}","templated":true}]}}