{"id":455,"date":"2019-04-05T09:03:01","date_gmt":"2019-04-05T09:03:01","guid":{"rendered":"http:\/\/itsjorna.nl\/?page_id=25"},"modified":"2019-04-17T09:23:41","modified_gmt":"2019-04-17T09:23:41","slug":"haus","status":"publish","type":"page","link":"http:\/\/itsjorna.nl\/?page_id=455&lang=de","title":{"rendered":"Industrietechnik JORNA"},"content":{"rendered":"\n<p>Mein Name ist Paul Jorna. Ich habe mehr als 25 Jahre Erfahrung in der technischen Industrie.<\/p>\n\n\n\n<p>Als Freiberufler k\u00f6nnen Sie mich als Stunden-und Projektbasis f\u00fcr ein breites Spektrum an Arbeiten in der Technik einstellen. Alle Varianten sind denkbar.<\/p>\n\n\n\n<p>Denken Sie zum Beispiel:<\/p>\n\n\n\n<ul class=\"wp-block-list\"><li>Unterst\u00fctzung des eigenen technischen Teams<\/li><li>K\u00fcmmern Sie sich um das komplette Projektmanagement von Ihnen.<\/li><\/ul>\n\n\n\n<p>Mein Ausgangspunkt ist die Maschinenverbesserung.<\/p>\n\n\n\n<p>Mit viel pers\u00f6nlichem Wissen und einem gro\u00dfen Netzwerk an Spezialisten kann ich f\u00fcr Sie die unterschiedlichsten Projekte durchf\u00fchren.<\/p>\n","protected":false},"excerpt":{"rendered":"<p>Mein Name ist Paul Jorna. Ich habe mehr als 25 Jahre Erfahrung in der technischen Industrie. Als Freiberufler k\u00f6nnen Sie mich als Stunden-und Projektbasis f\u00fcr&hellip;<\/p>\n","protected":false},"author":1,"featured_media":0,"parent":0,"menu_order":0,"comment_status":"closed","ping_status":"closed","template":"","meta":{"footnotes":""},"class_list":["post-455","page","type-page","status-publish","hentry"],"_links":{"self":[{"href":"http:\/\/itsjorna.nl\/index.php?rest_route=\/wp\/v2\/pages\/455","targetHints":{"allow":["GET"]}}],"collection":[{"href":"http:\/\/itsjorna.nl\/index.php?rest_route=\/wp\/v2\/pages"}],"about":[{"href":"http:\/\/itsjorna.nl\/index.php?rest_route=\/wp\/v2\/types\/page"}],"author":[{"embeddable":true,"href":"http:\/\/itsjorna.nl\/index.php?rest_route=\/wp\/v2\/users\/1"}],"replies":[{"embeddable":true,"href":"http:\/\/itsjorna.nl\/index.php?rest_route=%2Fwp%2Fv2%2Fcomments&post=455"}],"version-history":[{"count":6,"href":"http:\/\/itsjorna.nl\/index.php?rest_route=\/wp\/v2\/pages\/455\/revisions"}],"predecessor-version":[{"id":544,"href":"http:\/\/itsjorna.nl\/index.php?rest_route=\/wp\/v2\/pages\/455\/revisions\/544"}],"wp:attachment":[{"href":"http:\/\/itsjorna.nl\/index.php?rest_route=%2Fwp%2Fv2%2Fmedia&parent=455"}],"curies":[{"name":"wp","href":"https:\/\/api.w.org\/{rel}","templated":true}]}}